*v + 177 + 1139. What is the remainder when v is divided by 21?
10
Suppose -5*i + 8 = -6*i. Let d = i + 20. Suppose -4*b + u = -30, 5*u + 27 + 4 = 3*b. What is the remainder when d is divided by b?
5
Suppose n + i = -i + 2, -3*i = -2*n - 3. Suppose 0 = -n*z + z - 28. What is the remainder when z is divided by 15?
13
Suppose -3*f = -5*f. Let v be (-1*(f - -2))/(-1). What is the remainder when (18 + 1/(-1))*v is divided by 18?
16
Let g(o) = o**3 - 11*o**2 + o - 8. Let t be g(11). Suppose 0 = t*c - 40 - 98. What is the remainder when c is divided by 12?
10
Suppose -24 = -2*l + 32. Let r be (1/2)/((-6)/(-24)). Calculate the remainder when l is divided by r + 0 + 8/1.
8
What is the remainder when -1*((-431)/11 - 10/(-55)) is divided by 27?
12
Let z = 10 - 3. Let c = 37 + -22. Suppose -2*f = 3*f - c. What is the remainder when z is divided by f?
1
Suppose 0 = -11*q + 10*q + 102. Calculate the remainder when q is divided by 26.
24
Suppose 0 = -2*j - 2*j + 28. Suppose -j*w = -5*w - 76. What is the remainder when w is divided by 13?
12
Suppose -2*d + 5 = -7. Let q = 41 - 28. Calculate the remainder when (32/d)/((-8)/(-36)) is divided by q.
11
Let c = 71 + -55. Calculate the remainder when 191 is divided by c.
15
Let d(u) = -3*u**2 + 3*u**3 - 1 - 1 + 1 + 4*u**2. Calculate the remainder when d(2) is divided by 14.
13
Let h(q) = q**3 + 6*q**2 + 2*q + 5. What is the remainder when h(-5) is divided by 7?
6
Let w(c) = 5*c - 1 - 4*c - 9*c**3 + c**2 - 2*c. Suppose 0*g + 2*g = 3*f + 12, 2*f = 0. Calculate the remainder when w(-1) is divided by g.
4
Suppose 0 = -5*i + 23 + 27. Calculate the remainder when 11 is divided by 2/10 + 58/i.
5
Suppose 0 = 2*m + 2*w - 102, 2*m + w = -3*w + 94. Calculate the remainder when m is divided by 19.
17
Let o be 3/30*8*15. Suppose -3*k + 6 = -o. Calculate the remainder when 43 is divided by -1 - (k*8)/(-3).
13
Let l be -6 - ((-1)/(-1) - -1). What is the remainder when -2 + 4/(l/(-66)) is divided by (-21)/(-2) + 7/14?
9
Suppose -r = -4*r + 342. What is the remainder when r is divided by 29?
27
Suppose 2*v + 2*v = 136. Calculate the remainder when v is divided by 9.
7
Let j(s) = -3*s + 7. Calculate the remainder when j(-3) is divided by 4.
0
Suppose -8 - 12 = -5*u. Suppose 0 = -d + 2*w - 3, -u*d + 2*w = -2*w. Let n(l) = l**2 - l - 1. What is the remainder when 9 is divided by n(d)?
4
Suppose 3*z = 18 + 108. Calculate the remainder when z is divided by 9.
6
Suppose 2*a = -i + 136, i + 40 = 3*a - 164. Suppose 47 = 3*c - 22. Calculate the remainder when a is divided by c.
22
Let b(i) = -54*i - 4. Let o be b(-4). Suppose -d = -5*d + o. Calculate the remainder when d is divided by 18.
17
Suppose -6*h + 5*h = -32. What is the remainder when h is divided by 12?
8
Let z(y) = -y**3 + y**2 + y - 1. Let b(i) = -7*i**3 + 11*i**2 + i - 7. Let k(d) = -b(d) + 6*z(d). What is the remainder when k(4) is divided by 3?
2
Suppose i - 2*i = -3. Calculate the remainder when 8 is divided by i.
2
Suppose -36*l + 374 = -25*l. Calculate the remainder when -3*3*-11 - 0 is divided by l.
31
Let b = -51 - -89. Calculate the remainder when b is divided by 13.
12
Let f(b) = b - 1. Let m be f(-1). Calculate the remainder when 62 is divided by 1*(-4 - m)*-8.
14
Let a(w) = w**3 - 6*w**2 - 3*w + 2. Suppose 7 = v - 0. Calculate the remainder when a(v) is divided by ((-16)/(-6))/((-2)/(-12)).
14
Let g = 20 + 13. Calculate the remainder when g is divided by 18.
15
Suppose 5*m = -o + 121, 0 = -2*m + o - 0*o + 54. Let i = 14 + -12. Suppose -i*r - 14 = -40. Calculate the remainder when m is divided by r.
12
Let a be (2 + 1)*(-104)/(-3). Suppose 20 = 4*j - a. Calculate the remainder when j is divided by 11.
9
Suppose -19 = -k - 2*t, t - 74 = -5*k - 2*t. Let m be (-2)/(-4) + 1/(-2). What is the remainder when 0 + 27 + -2 + m is divided by k?
12
Suppose -3*w + 37 = -8. Let m be 6 - (2 + 0 + -1). Suppose 5*g = w - m. Calculate the remainder when g is divided by 1.
0
Suppose 3*t - 4*r - 13 = 0, 2*t + 4*r = -3 + 45. Let p(g) = g**2 + 7. What is the remainder when p(6) is divided by t?
10
Suppose 0 = -j + 2*t - 6*t + 23, j - 20 = -5*t. Calculate the remainder when j is divided by 12.
11
What is the remainder when 52 is divided by 16/(-12)*21/(-2)?
10
Let u be (-2)/(-8) - (-105)/28. Suppose 0 = 6*b - u*b - 6. Calculate the remainder when 9 is divided by b.
0
Suppose 2*u = -j - 0*j - 4, 5*u + 31 = j. Let n(c) = 2*c. What is the remainder when n(j) is divided by (4/6)/(6/63)?
5
Suppose -8 = -2*r + 2. Suppose 3*u - 2 = r*u. What is the remainder when 46 is divided by -40*u*(-4)/(-10)?
14
Let m(h) = h**3 + 6*h**2 - 2. Let p be m(-6). Let j(k) = -8*k - 3. Let d = 21 + 3. Calculate the remainder when d is divided by j(p).
11
Let f = -103 - -210. Calculate the remainder when f is divided by 27.
26
Let q(r) = r**3 - 17*r**2 + 3*r - 11. What is the remainder when q(17) is divided by 21?
19
Let p be (3 - (2 + 1)) + 0. Suppose 235 = 3*x + s - p*s, 10 = -5*s. Calculate the remainder when x is divided by 27.
25
Let a = -38 + 48. What is the remainder when a is divided by 4?
2
Suppose 27 = -j + 2*j. Suppose 6*y - 5398 = -4768. Calculate the remainder when y is divided by j.
24
Let p(z) = -6*z**3 - 3*z**2 - 4*z - 2. Let r(x) = -x**2 + x. Let t be r(2). Calculate the remainder when p(t) is divided by 22.
20
Suppose 2*l = 6*l - 8. Suppose -t - l*t = 0. Suppose 4*z - 2*z - 40 = t. What is the remainder when 39 is divided by z?
19
Suppose 0 = 4*j + 3*j - 602. What is the remainder when j is divided by 25?
11
Suppose 0 = -t - 1. Let b(v) = -v**3 + 7*v**2 + 2*v + 3. Let w be b(7). Calculate the remainder when w/2 - t/2 is divided by 5.
4
Let k(t) = t**2 - 4*t - 8. Let c(q) = -28*q**2 - 2*q. Let s be c(-2). Calculate the remainder when k(9) is divided by s/(-8) - (-2)/(-4).
11
Let u(o) = o - 6. Let q be u(-6). Let c = 56 + -32. What is the remainder when c is divided by ((-52)/(-6))/(q/(-18))?
11
Let s = -212 - -317. Let c = -72 + s. What is the remainder when 63 is divided by c?
30
Let g = -4 - -6. Suppose -3*n + 28 = n + 2*c, -3*n = g*c - 21. Calculate the remainder when 13 is divided by n.
6
What is the remainder when -5 + 117/1 - -1 is divided by 23?
21
Suppose -g = g - 14. Let i(b) = -b**2 + 10*b + 29. Calculate the remainder when i(11) is divided by g.
4
Suppose -k - k = -2*g - 34, -2*g - 8 = 0. Calculate the remainder when -6 + 9 - (-32 - 1) is divided by k.
10
Suppose -168 = -6*d + 5*d. What is the remainder when d is divided by 34?
32
Suppose 4*w = -2*m + 412, -4*m = 3*w - 4*w - 779. Suppose m = 4*r - 0*r. Calculate the remainder when r is divided by 26.
23
Suppose 3*j + 4*s = 14 + 10, -3*s = -4*j + 57. Let m = 17 - j. Calculate the remainder when ((-52)/6)/((-38)/57) is divided by m.
3
Suppose 17 - 101 = -3*h. Suppose -u = 3*u - h. Calculate the remainder when 19 is divided by u.
5
Let i be -3 + 7 - (4 + -3). Let a = i - -35. Calculate the remainder when a is divided by 14.
10
Let x(f) = -5*f - 28. What is the remainder when 68 is divided by x(-8)?
8
Let c be (-1 - -1) + (0 - -5). Suppose -2*r = -c*r + 93. What is the remainder when r is divided by 11?
9
Let x(g) = -g - 14. Let l be x(0). Let v = 25 + l. What is the remainder when v is divided by (-1)/(2/(-10)) + 1?
5
Let f(n) = n**2 + 2*n - 2. Let i = 15 + -6. What is the remainder when i is divided by f(-4)?
3
Let h(u) = -u**3 + 4*u**2 - u - 2. Let j be 3 - (0 - -1 - 1). What is the remainder when (-4 - (-6)/1)*5 is divided by h(j)?
2
Suppose 0 = -6*t + 243 + 129. Calculate the remainder when t is divided by 32.
30
Let s(y) = 9*y - 38. Calculate the remainder when s(8) is divided by 9.
7
Suppose -5*r + 7*n = 3*n - 165, 3*r - 2*n = 99. Calculate the remainder when 97 is divided by r.
31
Suppose 8 = p - 7. Calculate the remainder when 58 is divided by p.
13
Let d(u) = 3*u**2 + 2*u - 1. Calculate the remainder when 4 is divided by d(1).
0
Let z(i) = 2*i + 34. What is the remainder when 170 is divided by z(5)?
38
Suppose 11*o - 708 = 5*o. Calculate the remainder when o is divided by 17.
16
Suppose 0 = -3*a + a + 134. What is the remainder when a is divided by 14?
11
Suppose 0 = -z + 2*z - 12. Suppose 3*d - 36 = -4*a, -4*d = -7*d + z. Calculate the remainder when 21 is divided by a.
3
Suppose -4*h + 3*c = -2*c - 110, 4*c = 5*h - 133. Suppo